5/(-40))/(s/276).
66
Suppose 2*c = -w + 923, 2*c - 447 = 3*w + 472. Suppose 155 = -18*x + c. Calculate the remainder when 321 is divided by x.
15
What is the remainder when 1597 is divided by 112/35 - -10*(-8)/400?
1
Suppose -95 = -1807*s + 1806*s - 3*l, 0 = 5*s - l - 603. What is the remainder when 818 is divided by s?
104
Calculate the remainder when 13 + 3128/40 - (-12)/(-10) is divided by 3*4/(-6) - -51.
41
Let o = -13495 - -13634. Let z(w) be the first derivative of w**3/3 - w**2 - 6*w - 6. Calculate the remainder when o is divided by z(-4).
13
Let g be (-2 - -1)/(3 + 25/(-10)). What is the remainder when 337 is divided by (30/4)/5 - 31/g?
14
Calculate the remainder when 3 - (0 + 21)/(61/(-183)) is divided by 57.
9
Suppose -184 - 132 = -4*u - 2*l, 5*u - 4*l = 408. Calculate the remainder when u is divided by 23.
11
Suppose 198 = -100*x + 91*x. Let n(c) = c**3 + c**2 - 4*c + 1. Calculate the remainder when (-2)/(8/18)*x is divided by n(3).
24
What is the remainder when 1207 is divided by (-9 - -44) + 4 - 0?
37
Let z be 6/96*60*4. Suppose 4 = b - 2*b - 2*f, -4*b + 49 = -5*f. Suppose 9 + z = b*s. Calculate the remainder when 5 is divided by s.
1
Suppose 7 = -4*v + 3. Let m = v - -32. What is the remainder when (-5)/(-30)*-8*3306/(-76) is divided by m?
27
Suppose -5*j + 1865 = 2*n, -5*n - j + 5346 = 741. Let c = -694 + n. Calculate the remainder when c is divided by 23.
19
Let a be 2*2/(-6) + 8490/(-90). Let w = -93 - a. What is the remainder when w is divided by 1?
0
Let u = 67 - 54. Suppose -u*z + 15*z = -8, 0 = s + 3*z - 62. What is the remainder when s is divided by 27?
20
Suppose 3*y + 1750 = 4*u, 4*u - 5*y = -567 + 2313. Calculate the remainder when u is divided by 115.
94
Let j(o) = -21*o - 544. Let m be j(0). Let h = m - -562. Suppose -2*b - 2*w - 3*w = -15, 3*w - 23 = -4*b. Calculate the remainder when h is divided by b.
3
Suppose -14*i + 25*i - 55 = 0. Suppose -i*o - o = -186. Calculate the remainder when 152 is divided by o.
28
Let k = 394 - 263. Suppose -2*z = -4*q + 518, -q - 2*z = 9 - k. Calculate the remainder when q is divided by 65.
63
Let z = -123638 - -123672. Suppose c + 100 = l, -2*c = 4*l - c - 375. What is the remainder when l is divided by z?
27
Let q be 33*(1/3)/((-10)/10). Let y = 33 + q. Calculate the remainder when y is divided by 3.
1
Suppose 46*n - 42*n - 3*k = 6261, -k = -5. Calculate the remainder when n is divided by 264.
249
Let w = -29 + 103. Let x = -54 + w. Calculate the remainder when 42/((x/(-16) + 1)*-1) is divided by 19.
16
Suppose 2*c = -4*y + 12, -2*y - 2*y + 28 = -2*c. Suppose y*r + 173 = 6*r. Calculate the remainder when 14 is divided by r/19 - 12/114.
5
Suppose 2*s - 25 - 27 = -2*g, g = -1. Let y = -7 + 4. What is the remainder when s is divided by (-26)/(-2) + 1*y?
7
Let y = 8 - 23. Let z = y - -15. Suppose -v + 2*v - 5*r - 17 = z, 2*r = -2. Calculate the remainder when 106 is divided by v.
10
Let h be (-3 - -14) + 6/3. Let s be (-396)/(-14) + 4/(-14). Let j = s - h. Calculate the remainder when 29 is divided by j.
14
Let n be ((-64)/(-10))/(230/1725). Suppose 34 = 3*y - 2*y. Suppose -2*x = -y - n. Calculate the remainder when 121 is divided by x.
39
Suppose 2*q + 2 = 4. Let p = q + 5. What is the remainder when (-12)/8*1*(-160)/p is divided by 14?
12
Let w = -21 + 74. Suppose -5*j + w = -2*p - 87, 2*j + 4*p = 32. Calculate the remainder when 155 is divided by j.
25
Let d(q) = 430*q + 254. Let f be d(-20). Calculate the remainder when ((-3)/(-2))/((-117)/f) is divided by 11.
8
Suppose -58*q + 2276 = -156 - 7080. What is the remainder when q is divided by 51?
11
Let u(h) = -22*h + 50. Let i be u(9). Let b = 187 + i. What is the remainder when 155 is divided by b?
38
Suppose 2*c + b = c + 190, 4*c = -3*b + 763. Suppose 0 = -3*f + c + 284. Calculate the remainder when f is divided by 23.
21
Suppose -4*y = 4*y - 304. Let j = -430 + 645. Suppose -2*g = 3*a - 313, g + 3*a + 51 - j = 0. Calculate the remainder when g is divided by y.
35
Suppose -c - 3 = 0, -2*l + 2*c + 44 = -18. What is the remainder when (-4)/(-44) - 3604/(-44) is divided by l?
26
Suppose 3*x - 87 = 3*y + 690, -y = -4*x + 1039. What is the remainder when x is divided by 71?
47
Let x be (8/(-6))/(2/45). Let k be -2*(9 + 231/14). Let i = x - k. What is the remainder when 59 is divided by i?
17
Suppose -3*o + 4*k = -0*o - 139, -3*o + 3*k + 144 = 0. Let v = o + -45. Let x(p) = -p**3 + 7*p**2 + 8*p + 11. What is the remainder when 20 is divided by x(v)?
9
Suppose 0 = 3*q - 0*q - 24. Let v(l) = l**2 + 6*l + 23. Let j(b) = -4*b**2 - 9*b - 8. Let x be j(-2). What is the remainder when v(x) is divided by q?
7
Let w = -1468 + 921. Let c = 560 + w. Let v = 23 - 13. What is the remainder when c is divided by v?
3
Let q be 1/((-3)/(-4))*135/(-30). Let l(o) = -o**2 - 17*o - 57. Suppose -m + 11 = -15. Calculate the remainder when m is divided by l(q).
8
Let k(a) = -11*a**3 - a**2 - 2*a + 2. Calculate the remainder when k(-3) is divided by (-1 - 0)/((-123)/60 + 2).
16
Let g(n) = 17 + 0*n**3 + 44*n + 10*n**2 - 2*n**3 - 34*n + n**3. What is the remainder when 77 is divided by g(11)?
5
Let p = 5 - 3. Suppose s - p*s = -33. Let n = 704 - 692. Calculate the remainder when s is divided by n.
9
Let l(o) = o**3 - 17*o**2 + 27*o + 49. Let t be l(15). Suppose t*d = -10 - 2, 4*b + 5*d - 85 = 0. What is the remainder when 274 is divided by b?
24
Suppose -59 = 18*r - 22*r - x, 4*x = -4*r + 44. Calculate the remainder when 8282 is divided by r.
10
Let n(r) = 6*r - 19. Let f be n(-20). Let s = 155 + f. What is the remainder when 56 is divided by s?
8
Suppose 5*w - 18*x = 341, 3*w - 26 = -5*x + 305. What is the remainder when 4945 is divided by w?
95
Let x(f) = -6*f**2 + 8*f + 11. Let n(j) = 9*j**2 - 7*j - 10. Let w(i) = 4*n(i) + 5*x(i). What is the remainder when w(-6) is divided by 11?
5
Let k(f) = -21*f**2 - 19*f - 28. Let v(i) = 11*i**2 + 9*i + 13. Let n(g) = 3*k(g) + 7*v(g). Calculate the remainder when n(-1) is divided by (11 - 3)/(1/1).
7
Let g = 181 + -166. Suppose -g = -17*w + 36. Calculate the remainder when 5 is divided by w.
2
Suppose 3*y - 2770 = -5*n - 822, -2*n - 5*y = -764. Let w = -180 + n. What is the remainder when w is divided by 43?
40
Suppose -3*z + 79 = -5*j, -3*j - 38 = -50. What is the remainder when 122 is divided by z?
23
Suppose 3*w - 2 = -2*x + w, -4*x + 4*w + 4 = 0. What is the remainder when 96 is divided by (16/32)/(x - 2)*-6?
0
Let y(t) = -103*t - 5956. What is the remainder when y(-101) is divided by 32?
31
Let f(s) = s**3 + 5*s**2 - 8*s + 11. Let x = -28 + 23. Let t be f(x). Let g = t - 35. Calculate the remainder when 93 is divided by g.
13
Suppose -4*l - 36 = 2*r - 0*r, -r = l + 14. What is the remainder when 909 is divided by 1044/15 - ((-76)/r + -8)?
69
What is the remainder when 423 is divided by ((3/12)/((-40)/(-3520)))/(4/6)?
27
Suppose 4*k - 4*t = 344, -5*t = -0*t - 15. Suppose 31*f - 3*n + 65 = 36*f, f + 5 = 3*n. What is the remainder when k is divided by f?
9
What is the remainder when 1824 is divided by (-9 + -2)/(((-3)/(-4))/(984/(-32)))?
20
Suppose -37*s + 30*s + 2453 = -1250. What is the remainder when s is divided by 6?
1
Suppose 9 = -3*j - 5*k, -j = -2*j - 3*k - 7. Let g(v) = -v + 4. Let x be g(-3). Suppose -j*i + 549 = x*i. Calculate the remainder when i is divided by 16.
13
Let x(l) = -76*l + 1. Suppose v + k + 34 = -3*k, -5*v - 3*k = 221. What is the remainder when x(-1) is divided by (-6)/(-9) - v/3?
13
Let b = -1869 - -2075. Calculate the remainder when b is divided by 3.
2
Suppose v - 106 = -5*m - 10, -3*v = 12. Let t be -2 + 7 + (5/5 - 2). Suppose -t*r + 7 = 4*h - 9, 5*h + 25 = 0. Calculate the remainder when m is divided by r.
2
Suppose -4*q + 3*k = -k + 804, q + k = -195. Let p = -153 - q. What is the remainder when p is divided by 23?
22
Let b be (-16)/(-32) - (-30)/4. Let k(l) = -30*l**3 - l - 1. What is the remainder when k(-1) is divided by 1/(14/b) + 1593/189?
3
Suppose -4*m + 6935 = -4*q - 2337, 0 = -m + 2*q + 2311. What is the remainder when m is divided by 294?
267
Let p = -86 + 129. Calculate the remainder when (-17)/(-408)*1986 + (-1)/(-4) is divided by p.
40
Let l(y) = -y**2 - 10*y - 2. Let h be l(-10). What is the remainder when (50/(-13) - (-2)/(-13)) + 30 is divided by h/3 + (-88)/(-6)?
12